-600)/(-56) + (-1304)/(-7)?
1
Suppose -4*w + 2*l = 6*l, -4*w + 12 = l. Let t be -2 - (-7*w - -3). Suppose -k + 14 = -t. What is the tens digit of k?
3
Let k be 1/(3*1/15). Let i be 3 - (1330/k)/(-2). What is the tens digit of i/6 + (-26)/39?
2
Let z(k) = -k**3 + 11*k + 9*k**2 - 23 - 20 + 32. What is the units digit of z(9)?
8
Suppose 56*d + 62285 = 313949. What is the tens digit of d?
9
Let z(u) = -17*u - 7. Suppose 2 = 2*m - 4*m. Let d(n) = -n - 1. Let p(v) = m*z(v) + 2*d(v). What is the tens digit of p(2)?
3
Suppose 4*i - 14763 + 4323 = p, 3*i + 9*p - 7869 = 0. What is the thousands digit of i?
2
Let f(l) = -l**3 - 9*l**2 + 3*l + 11. Let q be f(-9). Let x = q + 156. What is the hundreds digit of x?
1
Suppose -3*x + 6*x - 12 = 0. Suppose m = -x*i + 4, 3*m + 5*i = 2*i + 30. What is the tens digit of m?
1
Suppose 161 = 4*o + 5*n, o - 3*n - 153 = -3*o. Suppose -o = -4*x + 185. What is the tens digit of x?
5
Suppose 4*v - 5*d + 10*d + 416 = 0, v - 4*d = -83. Let r = -41 - v. What is the units digit of r?
8
Suppose 7*d + 2 = 8*d. Suppose 3*r - 110 = -d*r. What is the tens digit of r?
2
Suppose 0 = -3*h + 2*j + 16, 0 = -h - j - 0 + 7. Suppose m = 4*g + 21, 5*g + 20 = -h*m + m. What is the units digit of (-1)/(2/(-10)*m)?
5
Let z(v) = -v**2 - v + 8. Let w be z(-6). Let o = 37 - w. What is the tens digit of o?
5
Let m(l) = l + 2. Let a be m(0). Suppose -3*d + d = -a*n - 38, -3*d + 5*n + 47 = 0. Suppose 3*p - 4*p + d = k, 0 = p + 2*k - 26. What is the units digit of p?
2
Suppose 4*w = 4*v - 15276, -36*v + 15284 = -32*v + 4*w. What is the units digit of v?
0
Let o = -18 - -29. Let q(w) be the second derivative of w**3/3 - 6*w. What is the units digit of q(o)?
2
Suppose 10734 = 4*g - 2*x, x + 12 - 11 = 0. What is the tens digit of g?
8
Let b(c) = 87*c + 165. What is the hundreds digit of b(7)?
7
Suppose 6*f - 11*f - 5 = 0. Let z be f/2 + 50/20. Suppose 3*s = g + 4*g + 37, 3*g + 25 = z*s. What is the units digit of s?
4
Suppose 5*y = 8*y + 87. Let w(o) = 7*o - 10. Let f be w(9). Let n = f + y. What is the tens digit of n?
2
What is the units digit of -5 + (-7 - -4) + 12 + 824?
8
Suppose 0 = -4*i - 0*i. Suppose -4*t - 14 + 34 = i. Suppose -q - 83 = 5*p - 10*p, -t*p = q - 77. What is the units digit of p?
6
Let q = -14 + -106. What is the tens digit of (q/28)/(4/(-14))?
1
What is the units digit of (10/5 + 4537)/3?
3
Let p be 1/(-2 - 121/(-60)). Let o = p - 40. Suppose 5*k = -o, f + k + 4*k = -6. What is the tens digit of f?
1
Suppose -3*o - 12 = -o - 2*k, 7 = 3*o + 2*k. Let n = o + 4. Suppose 3*b - 52 = f, 31 = 2*b - n*f - 6. What is the tens digit of b?
1
What is the thousands digit of ((-11)/(-2) + -3)/(4/2344)?
1
Let s = 11998 - 7931. What is the thousands digit of s?
4
Suppose 13*q - 17*q = 2*z, -2*z = -4*q + 8. What is the units digit of q?
1
Suppose -2*n - 3*j - 201 = 0, -4*j - 157 = -4*n - 609. Let i = n + 48. Let p = i - -137. What is the units digit of p?
7
What is the units digit of 2 + 4 + (-26961)/(-21 - -10)?
7
Suppose 14 - 194 = -3*l. Suppose -2*h + 10 = 4*g - 8, -4*h = -4*g - l. What is the units digit of h?
3
Suppose 0 = 2*d + z - 11285, 4*d - 2*z - 4953 = 17605. What is the units digit of d?
1
Let f(b) = 2*b**2 + 13*b + 14. Let u be f(-6). What is the units digit of (-4)/u - 142/(-4)?
5
Let a(u) = -4*u**2 - 2*u - 3. Let k be a(3). Let x be (111/(-9))/(3/k). Let v = x - 115. What is the tens digit of v?
7
Let g(h) = -h**2 - 14*h + 289. What is the units digit of g(-20)?
9
Let s(h) = 3*h**2 + 23*h - 16. Let b be s(-12). Let p = 217 - b. What is the tens digit of p?
7
Let s = 16 + -1. Suppose -5*q - s = z - 89, -123 = -2*z - 5*q. What is the tens digit of z?
4
Let a be (-45)/(-2 + -1)*5. Let j(g) = g**2 + 16*g - 15. Let w be j(-17). Suppose w*k - 3*s + 17 = 67, -s = -3*k + a. What is the units digit of k?
5
Suppose 13 - 38 = -2*z + b, 2*z - 40 = 4*b. Suppose 0 = -7*t + 5*t + z. Suppose 144 - 9 = t*f. What is the units digit of f?
7
Let u be ((-2)/8)/(1/(-8)). Suppose u - 4 = 2*h. What is the tens digit of (h - -56)*16/40?
2
Suppose -3*y + 372 = r, 2*r + y + 2*y = 744. What is the hundreds digit of r?
3
Let k(u) = 33*u**2 - 2*u - 5. Let d be k(-2). Suppose 2*x = v + d, -2*x - 3*x = 5*v - 335. What is the units digit of x?
6
Let l(y) = 55*y + 70. What is the units digit of l(6)?
0
Suppose 3*i - 435 = -5*d, 3*i - d = -0*i + 417. Suppose i = m + 47. What is the units digit of m?
3
Let s(l) be the second derivative of -l**5/20 - 3*l**4/4 - 17*l**3/6 - 3*l**2 - 14*l. What is the hundreds digit of s(-10)?
2
Suppose 2*q - 5*x = 21, 4*q - 3*x = -2*x + 15. What is the tens digit of 8/15*q/4*25?
1
Let g be 0*3/(-6) + -46. Let a = g - -103. What is the units digit of a?
7
Let k(z) = z**3 - 15*z**2 + 17*z + 2. Let s(c) = 2*c**2. Let h(d) = -k(d) + 2*s(d). Suppose -4*l - 18 = -5*l. What is the units digit of h(l)?
6
Let p(t) = 80*t - 4. Let r be p(2). Let z = 233 - r. Suppose 0 = -j - 2, 6*i - i - z = j. What is the tens digit of i?
1
Let k(p) = -2*p**3 + 82*p**2 + 35*p - 101. What is the tens digit of k(41)?
3
Let x(v) be the third derivative of -99*v**6/40 - 7*v**4/24 - v**3 - 2*v**2 - 24. What is the tens digit of x(-1)?
9
Let l(h) = -h**2 + 22*h + 14. Let z be l(20). Let u = 141 - z. What is the units digit of u?
7
Let j(v) = 5*v**3 + 7*v**2 + 14*v - 15. Let k(g) = 3*g**3 + 3*g**2 + 7*g - 8. Let y(t) = 4*j(t) - 7*k(t). What is the units digit of y(6)?
4
Let c = -3 - 2. Let h = -1 - c. What is the units digit of (-7)/(28/(-248)) + h?
6
Suppose 5*i + 151 = f - 391, 0 = -2*f + 2*i + 1060. What is the hundreds digit of f?
5
Let a(h) = -90*h - 252. What is the hundreds digit of a(-12)?
8
Suppose 2*w - 2*f - 10 = 0, w - 6 = -w + 3*f. Suppose k = -4*o + w, o + 3 - 12 = -k. Let r = 16 - k. What is the units digit of r?
7
Let k(v) = v**2 + 5*v - 10. Let a be k(-8). What is the units digit of ((-134)/(-4))/(7/a)?
7
Let c = -7 - -33. Suppose 0 = 2*q - 89 + 31. Suppose -5*y + c = -q. What is the tens digit of y?
1
Suppose 2*h - 2*c - 24 = -4*c, h - 21 = 2*c. Suppose h = l + 5. What is the units digit of l?
0
Suppose 3*i + 170 = 4*c, -2*i + 2*c + 8 - 118 = 0. Suppose -20 = -5*h, 0*y - 5*y - 138 = -2*h. Let r = y - i. What is the tens digit of r?
2
Let p(z) be the third derivative of z**5/60 + z**4/6 - 5*z**3/2 - 9*z**2. What is the tens digit of p(-13)?
0
Suppose -10226 - 4738 = -43*n. What is the tens digit of n?
4
Let u(c) be the third derivative of -c**6/120 + 2*c**5/15 - c**4/4 - 2*c**3/3 - 2*c**2. Let n be u(7). Suppose 47 = n*s - 1. What is the tens digit of s?
1
What is the units digit of -10 - (-9 - -4) - -171?
6
Let k = -230 - -384. What is the tens digit of k?
5
What is the tens digit of (4/(-10))/(((-24)/(-2385))/(-8))?
1
Let j(i) = i**2 - 31*i + 208. What is the hundreds digit of j(35)?
3
Suppose -305 - 547 = -6*t. Let l = -31 + t. What is the hundreds digit of l?
1
Suppose 2*o - 45 - 396 = -5*i, -924 = -4*o + 4*i. Suppose -3*y = -3*d + o, -4*y - 149 = 4*d - 477. What is the units digit of d?
9
Let y = -2858 - -8159. What is the units digit of y?
1
Let o = -34 - -35. Let b(d) = 3*d**2 + d + 1. What is the units digit of b(o)?
5
Suppose s - 3 + 0 = 0. Let i(q) = 23*q**2 - q. Let h be i(-1). Let m = h + s. What is the tens digit of m?
2
Let b be (7 - (-3 - -2))*(1 + 52). Suppose -9*z + b + 1178 = 0. What is the tens digit of z?
7
Let p(v) = -2*v**3 - v**2 - 8*v - 1. What is the tens digit of p(-9)?
4
Let c = 6 - 4. Let u = 493 + -445. Suppose -u = -0*q - c*q. What is the units digit of q?
4
What is the thousands digit of 11348/20*5/1?
2
Let l(q) = -q**3 + q**2 - q + 7. Let c = 3 - 3. Let u be l(c). Suppose u*y - 6*y = 6. What is the units digit of y?
6
Let r(t) = -t**2 + 4*t + 2. Let z be r(4). Let x = z + 3. Suppose -x = -w + 13. What is the units digit of w?
8
Suppose 0 = 5*p - 3*n + 170, 5*p + n + 0*n = -170. Let b = p + 69. What is the units digit of b?
5
Let q = -22 + 11. Let z be 144/(-66) + (-2)/q. What is the units digit of (1/(-2))/(z/28)?
7
Suppose -5 = 5*l + 10, -63 = 4*i + l. What is the units digit of 20/i + 544/12?
4
Let b = 90 - -13. What is the tens digit of b?
0
What is the thousands digit of 319620/119 + 20/170?
2
Let k = 31 + -9. Suppose -z - 4 - k = 0. Let v = z + 49. What is the tens digit of v?
2
Let y(s) = -4*s**3 + s**2 + s. 